{"id":17,"date":"2022-05-28T03:39:27","date_gmt":"2022-05-28T03:39:27","guid":{"rendered":"http:\/\/ciencianews.in\/?page_id=17"},"modified":"2022-05-29T14:05:15","modified_gmt":"2022-05-29T14:05:15","slug":"acerca-de","status":"publish","type":"page","link":"https:\/\/ciencianews.in\/index.php\/acerca-de\/","title":{"rendered":"Acerca de CienciaNewsIn"},"content":{"rendered":"\n<p>Somos un grupo de periodistas comprometidos con la divulgaci\u00f3n de la ciencia porque creemos que la ciencia es el camino hacia un futuro mejor. Buscaremos presentar noticias de relevancia principalmente en M\u00e9xico pero tambi\u00e9n a nivel mundial.<\/p>\n\n\n\n<p>En nuestro equipo se encuentran: periodistas con d\u00e9cadas de experiencia, periodistas j\u00f3venes y entusiastas, y cient\u00edficos interesados en la difusi\u00f3n y la divulgaci\u00f3n.<\/p>\n\n\n\n<p>Tenemos un compromiso con la veracidad. Publicaremos las noticias de ciencia de forma gratuita, mientras que a las noticias y comunicados de avances tecnol\u00f3gicos e indutriales pediremos un donativo peque\u00f1o que ayude a mantener vivo el proyecto. <\/p>\n\n\n\n<p>Para todas sus publicaciones cient\u00edficas, tecnol\u00f3gicas e industriales <a href=\"http:\/\/ciencianews.in\/index.php\/contacto\/\">cont\u00e1ctenos<\/a>.<\/p>\n","protected":false},"excerpt":{"rendered":"<p>Somos un grupo de periodistas comprometidos con la divulgaci\u00f3n de la ciencia porque creemos que la ciencia es el camino hacia un futuro mejor. Buscaremos presentar noticias de relevancia principalmente en M\u00e9xico pero tambi\u00e9n a nivel mundial. En nuestro equipo se encuentran: periodistas con d\u00e9cadas de experiencia, periodistas j\u00f3venes y entusiastas, y cient\u00edficos interesados en [&hellip;]<\/p>\n","protected":false},"author":1,"featured_media":0,"parent":0,"menu_order":0,"comment_status":"closed","ping_status":"closed","template":"","meta":{"om_disable_all_campaigns":false,"_monsterinsights_skip_tracking":false,"_monsterinsights_sitenote_active":false,"_monsterinsights_sitenote_note":"","_monsterinsights_sitenote_category":0,"footnotes":""},"class_list":["post-17","page","type-page","status-publish","hentry"],"aioseo_notices":[],"_links":{"self":[{"href":"https:\/\/ciencianews.in\/index.php\/wp-json\/wp\/v2\/pages\/17","targetHints":{"allow":["GET"]}}],"collection":[{"href":"https:\/\/ciencianews.in\/index.php\/wp-json\/wp\/v2\/pages"}],"about":[{"href":"https:\/\/ciencianews.in\/index.php\/wp-json\/wp\/v2\/types\/page"}],"author":[{"embeddable":true,"href":"https:\/\/ciencianews.in\/index.php\/wp-json\/wp\/v2\/users\/1"}],"replies":[{"embeddable":true,"href":"https:\/\/ciencianews.in\/index.php\/wp-json\/wp\/v2\/comments?post=17"}],"version-history":[{"count":3,"href":"https:\/\/ciencianews.in\/index.php\/wp-json\/wp\/v2\/pages\/17\/revisions"}],"predecessor-version":[{"id":88,"href":"https:\/\/ciencianews.in\/index.php\/wp-json\/wp\/v2\/pages\/17\/revisions\/88"}],"wp:attachment":[{"href":"https:\/\/ciencianews.in\/index.php\/wp-json\/wp\/v2\/media?parent=17"}],"curies":[{"name":"wp","href":"https:\/\/api.w.org\/{rel}","templated":true}]}}